[INFO] fetching crate poggers 0.4.0...
[INFO] checking poggers-0.4.0 against master#e6e4f7ed1589e03bc2f6c5931c1a72e7947e8682 for beta-170-4
[INFO] extracting crate poggers 0.4.0 into /workspace/builds/worker-5-tc2/source
[INFO] validating manifest of crates.io crate poggers 0.4.0 on toolchain e6e4f7ed1589e03bc2f6c5931c1a72e7947e8682
[INFO] running `Command { std: CARGO_HOME="/workspace/cargo-home" RUSTUP_HOME="/workspace/rustup-home" "/workspace/cargo-home/bin/cargo" "+e6e4f7ed1589e03bc2f6c5931c1a72e7947e8682" "metadata" "--manifest-path" "Cargo.toml" "--no-deps", kill_on_drop: false }`
[INFO] started tweaking crates.io crate poggers 0.4.0
[INFO] finished tweaking crates.io crate poggers 0.4.0
[INFO] tweaked toml for crates.io crate poggers 0.4.0 written to /workspace/builds/worker-5-tc2/source/Cargo.toml
[INFO] running `Command { std: CARGO_HOME="/workspace/cargo-home" RUSTUP_HOME="/workspace/rustup-home" __CARGO_TEST_CHANNEL_OVERRIDE_DO_NOT_USE_THIS="nightly" "/workspace/cargo-home/bin/cargo" "+e6e4f7ed1589e03bc2f6c5931c1a72e7947e8682" "generate-lockfile" "--manifest-path" "Cargo.toml" "-Zno-index-update", kill_on_drop: false }`
[INFO] running `Command { std: CARGO_HOME="/workspace/cargo-home" RUSTUP_HOME="/workspace/rustup-home" "/workspace/cargo-home/bin/cargo" "+e6e4f7ed1589e03bc2f6c5931c1a72e7947e8682" "fetch" "--manifest-path" "Cargo.toml", kill_on_drop: false }`
[INFO] running `Command { std: "docker" "create" "-v" "/var/lib/crater-agent-workspace/builds/worker-5-tc2/target:/opt/rustwide/target:rw,Z" "-v" "/var/lib/crater-agent-workspace/builds/worker-5-tc2/source:/opt/rustwide/workdir:ro,Z" "-v" "/var/lib/crater-agent-workspace/cargo-home:/opt/rustwide/cargo-home:ro,Z" "-v" "/var/lib/crater-agent-workspace/rustup-home:/opt/rustwide/rustup-home:ro,Z" "-e" "SOURCE_DIR=/opt/rustwide/workdir" "-e" "CARGO_TARGET_DIR=/opt/rustwide/target" "-e" "CARGO_HOME=/opt/rustwide/cargo-home" "-e" "RUSTUP_HOME=/opt/rustwide/rustup-home" "-w" "/opt/rustwide/workdir" "-m" "1610612736" "--user" "0:0" "--network" "none" "ghcr.io/rust-lang/crates-build-env/linux@sha256:19e73879b68f455e41552ea35293514db52ea292d993f571636dbffedb77a1ee" "/opt/rustwide/cargo-home/bin/cargo" "+e6e4f7ed1589e03bc2f6c5931c1a72e7947e8682" "metadata" "--no-deps" "--format-version=1", kill_on_drop: false }`
[INFO] [stdout] 95e36f596972a017bf31962aa05282202bd285def82955cb00b275ae36e3d98e
[INFO] running `Command { std: "docker" "start" "-a" "95e36f596972a017bf31962aa05282202bd285def82955cb00b275ae36e3d98e", kill_on_drop: false }`
[INFO] running `Command { std: "docker" "inspect" "95e36f596972a017bf31962aa05282202bd285def82955cb00b275ae36e3d98e", kill_on_drop: false }`
[INFO] running `Command { std: "docker" "rm" "-f" "95e36f596972a017bf31962aa05282202bd285def82955cb00b275ae36e3d98e", kill_on_drop: false }`
[INFO] [stdout] 95e36f596972a017bf31962aa05282202bd285def82955cb00b275ae36e3d98e
[INFO] running `Command { std: "docker" "create" "-v" "/var/lib/crater-agent-workspace/builds/worker-5-tc2/target:/opt/rustwide/target:rw,Z" "-v" "/var/lib/crater-agent-workspace/builds/worker-5-tc2/source:/opt/rustwide/workdir:ro,Z" "-v" "/var/lib/crater-agent-workspace/cargo-home:/opt/rustwide/cargo-home:ro,Z" "-v" "/var/lib/crater-agent-workspace/rustup-home:/opt/rustwide/rustup-home:ro,Z" "-e" "SOURCE_DIR=/opt/rustwide/workdir" "-e" "CARGO_TARGET_DIR=/opt/rustwide/target" "-e" "CARGO_INCREMENTAL=0" "-e" "RUST_BACKTRACE=full" "-e" "RUSTFLAGS=--cap-lints=forbid" "-e" "RUSTDOCFLAGS=--cap-lints=forbid" "-e" "CARGO_HOME=/opt/rustwide/cargo-home" "-e" "RUSTUP_HOME=/opt/rustwide/rustup-home" "-w" "/opt/rustwide/workdir" "-m" "1610612736" "--user" "0:0" "--network" "none" "ghcr.io/rust-lang/crates-build-env/linux@sha256:19e73879b68f455e41552ea35293514db52ea292d993f571636dbffedb77a1ee" "/opt/rustwide/cargo-home/bin/cargo" "+e6e4f7ed1589e03bc2f6c5931c1a72e7947e8682" "check" "--frozen" "--all" "--all-targets" "--message-format=json", kill_on_drop: false }`
[INFO] [stdout] b1936ad2c59c4d9ddd7d8f01fc4ab90ac0dcc4621d990ca0a9cddcd68ee99521
[INFO] running `Command { std: "docker" "start" "-a" "b1936ad2c59c4d9ddd7d8f01fc4ab90ac0dcc4621d990ca0a9cddcd68ee99521", kill_on_drop: false }`
[INFO] [stderr]    Compiling proc-macro2 v1.0.59
[INFO] [stderr]    Compiling unicode-ident v1.0.9
[INFO] [stderr]    Compiling quote v1.0.28
[INFO] [stderr]    Compiling syn v1.0.109
[INFO] [stderr]    Compiling libc v0.2.144
[INFO] [stderr]    Compiling anyhow v1.0.71
[INFO] [stderr]    Compiling log v0.4.18
[INFO] [stderr]    Compiling thiserror v1.0.40
[INFO] [stderr]    Compiling syn v2.0.18
[INFO] [stderr]    Compiling thiserror-impl v1.0.40
[INFO] [stderr]    Compiling ctor v0.1.26
[INFO] [stderr]     Checking poggers v0.4.0 (/opt/rustwide/workdir)
[INFO] [stdout] error[E0433]: failed to resolve: unresolved import
[INFO] [stdout]  --> src/external/linux/process.rs:6:12
[INFO] [stdout]   |
[INFO] [stdout] 6 | use crate::mem::{traits::Mem, sigscan::SigScan};
[INFO] [stdout]   |            ^^^
[INFO] [stdout]   |            |
[INFO] [stdout]   |            unresolved import
[INFO] [stdout]   |            help: a similar path exists: `core::mem`
[INFO] [stdout] 
[INFO] [stdout] 
[INFO] [stdout] error[E0433]: failed to resolve: unresolved import
[INFO] [stdout]  --> src/external/linux/process.rs:6:12
[INFO] [stdout]   |
[INFO] [stdout] 6 | use crate::mem::{traits::Mem, sigscan::SigScan};
[INFO] [stdout]   |            ^^^
[INFO] [stdout]   |            |
[INFO] [stdout]   |            unresolved import
[INFO] [stdout]   |            help: a similar path exists: `core::mem`
[INFO] [stdout] 
[INFO] [stdout] 
[INFO] [stdout] error: cannot find derive macro `Error` in this scope
[INFO] [stdout]    --> src/external/linux/process.rs:102:10
[INFO] [stdout]     |
[INFO] [stdout] 102 | #[derive(Error)]
[INFO] [stdout]     |          ^^^^^
[INFO] [stdout]     |
[INFO] [stdout]     = help: consider importing this derive macro:
[INFO] [stdout]             thiserror::Error
[INFO] [stdout] 
[INFO] [stdout] 
[INFO] [stdout] error[E0433]: failed to resolve: unresolved import
[INFO] [stdout]  --> src/external/linux/mod.rs:6:16
[INFO] [stdout]   |
[INFO] [stdout] 6 |     use crate::mem::external::process::ExProcess;
[INFO] [stdout]   |                ^^^
[INFO] [stdout]   |                |
[INFO] [stdout]   |                unresolved import
[INFO] [stdout]   |                help: a similar path exists: `core::mem`
[INFO] [stdout] 
[INFO] [stdout] 
[INFO] [stdout] error: cannot find derive macro `Error` in this scope
[INFO] [stdout]    --> src/external/linux/process.rs:102:10
[INFO] [stdout]     |
[INFO] [stdout] 102 | #[derive(Error)]
[INFO] [stdout]     |          ^^^^^
[INFO] [stdout]     |
[INFO] [stdout]     = help: consider importing this derive macro:
[INFO] [stdout]             thiserror::Error
[INFO] [stdout] 
[INFO] [stdout] 
[INFO] [stdout] error[E0433]: failed to resolve: unresolved import
[INFO] [stdout]   --> src/external/linux/process.rs:97:77
[INFO] [stdout]    |
[INFO] [stdout] 97 |     unsafe fn alter_protection(&self, addr:usize, size: usize, prot: crate::mem::structures::Protections) -> Result<crate::mem::structure...
[INFO] [stdout]    |                                                                             ^^^
[INFO] [stdout]    |                                                                             |
[INFO] [stdout]    |                                                                             unresolved import
[INFO] [stdout]    |                                                                             help: a similar path exists: `core::mem`
[INFO] [stdout] 
[INFO] [stdout] 
[INFO] [stdout] error[E0433]: failed to resolve: unresolved import
[INFO] [stdout]   --> src/external/linux/process.rs:97:124
[INFO] [stdout]    |
[INFO] [stdout] 97 | ...m::structures::Protections) -> Result<crate::mem::structures::Protections> {
[INFO] [stdout]    |                                                 ^^^
[INFO] [stdout]    |                                                 |
[INFO] [stdout]    |                                                 unresolved import
[INFO] [stdout]    |                                                 help: a similar path exists: `core::mem`
[INFO] [stdout] 
[INFO] [stdout] 
[INFO] [stdout] error[E0433]: failed to resolve: unresolved import
[INFO] [stdout]   --> src/external/linux/process.rs:97:77
[INFO] [stdout]    |
[INFO] [stdout] 97 |     unsafe fn alter_protection(&self, addr:usize, size: usize, prot: crate::mem::structures::Protections) -> Result<crate::mem::structure...
[INFO] [stdout]    |                                                                             ^^^
[INFO] [stdout]    |                                                                             |
[INFO] [stdout]    |                                                                             unresolved import
[INFO] [stdout]    |                                                                             help: a similar path exists: `core::mem`
[INFO] [stdout] 
[INFO] [stdout] 
[INFO] [stdout] warning: the feature `generic_const_exprs` is incomplete and may not be safe to use and/or cause compiler crashes
[INFO] [stdout]   --> src/lib.rs:39:12
[INFO] [stdout]    |
[INFO] [stdout] 39 | #![feature(generic_const_exprs)]
[INFO] [stdout]    |            ^^^^^^^^^^^^^^^^^^^
[INFO] [stdout]    |
[INFO] [stdout]    = note: see issue #76560 <https://github.com/rust-lang/rust/issues/76560> for more information
[INFO] [stdout]    = note: `#[warn(incomplete_features)]` on by default
[INFO] [stdout] 
[INFO] [stdout] 
[INFO] [stdout] warning: unused import: `iovec`
[INFO] [stdout]  --> src/external/linux/process.rs:4:12
[INFO] [stdout]   |
[INFO] [stdout] 4 | use libc::{iovec, EINVAL, EFAULT, ENOMEM, EPERM, ESRCH};
[INFO] [stdout]   |            ^^^^^
[INFO] [stdout]   |
[INFO] [stdout]   = note: `#[warn(unused_imports)]` on by default
[INFO] [stdout] 
[INFO] [stdout] 
[INFO] [stdout] error[E0433]: failed to resolve: unresolved import
[INFO] [stdout]   --> src/external/linux/process.rs:97:124
[INFO] [stdout]    |
[INFO] [stdout] 97 | ...m::structures::Protections) -> Result<crate::mem::structures::Protections> {
[INFO] [stdout]    |                                                 ^^^
[INFO] [stdout]    |                                                 |
[INFO] [stdout]    |                                                 unresolved import
[INFO] [stdout]    |                                                 help: a similar path exists: `core::mem`
[INFO] [stdout] 
[INFO] [stdout] 
[INFO] [stdout] error[E0433]: failed to resolve: could not find `windows` in `super`
[INFO] [stdout]   --> src/internal/mod.rs:13:29
[INFO] [stdout]    |
[INFO] [stdout] 13 |         let module = super::windows::module::InModule::new("ntdll.dll").unwrap();
[INFO] [stdout]    |                             ^^^^^^^ could not find `windows` in `super`
[INFO] [stdout] 
[INFO] [stdout] 
[INFO] [stdout] warning: the feature `generic_const_exprs` is incomplete and may not be safe to use and/or cause compiler crashes
[INFO] [stdout]   --> src/lib.rs:39:12
[INFO] [stdout]    |
[INFO] [stdout] 39 | #![feature(generic_const_exprs)]
[INFO] [stdout]    |            ^^^^^^^^^^^^^^^^^^^
[INFO] [stdout]    |
[INFO] [stdout]    = note: see issue #76560 <https://github.com/rust-lang/rust/issues/76560> for more information
[INFO] [stdout]    = note: `#[warn(incomplete_features)]` on by default
[INFO] [stdout] 
[INFO] [stdout] 
[INFO] [stdout] warning: unused import: `iovec`
[INFO] [stdout]  --> src/external/linux/process.rs:4:12
[INFO] [stdout]   |
[INFO] [stdout] 4 | use libc::{iovec, EINVAL, EFAULT, ENOMEM, EPERM, ESRCH};
[INFO] [stdout]   |            ^^^^^
[INFO] [stdout]   |
[INFO] [stdout]   = note: `#[warn(unused_imports)]` on by default
[INFO] [stdout] 
[INFO] [stdout] 
[INFO] [stdout] error: aborting due to 6 previous errors; 2 warnings emitted
[INFO] [stdout] 
[INFO] [stdout] 
[INFO] [stdout] For more information about this error, try `rustc --explain E0433`.
[INFO] [stdout] 
[INFO] [stdout] error: aborting due to 4 previous errors; 2 warnings emitted
[INFO] [stdout] 
[INFO] [stdout] 
[INFO] [stdout] For more information about this error, try `rustc --explain E0433`.
[INFO] [stdout] 
[INFO] [stderr] error: could not compile `poggers` (lib test) due to 7 previous errors; 2 warnings emitted
[INFO] [stderr] warning: build failed, waiting for other jobs to finish...
[INFO] [stderr] error: could not compile `poggers` (lib) due to 5 previous errors; 2 warnings emitted
[INFO] running `Command { std: "docker" "inspect" "b1936ad2c59c4d9ddd7d8f01fc4ab90ac0dcc4621d990ca0a9cddcd68ee99521", kill_on_drop: false }`
[INFO] running `Command { std: "docker" "rm" "-f" "b1936ad2c59c4d9ddd7d8f01fc4ab90ac0dcc4621d990ca0a9cddcd68ee99521", kill_on_drop: false }`
[INFO] [stdout] b1936ad2c59c4d9ddd7d8f01fc4ab90ac0dcc4621d990ca0a9cddcd68ee99521
